
Let u(h) = -2*h**3 + 225*h**2 + 111*h + 230. Give u(113).
4
Let i(t) = 2*t**3 - 33*t**2 - 63*t + 4. Give i(18).
-158
Let x(r) = 2*r**3 - 4*r**2 - 57*r - 72. Give x(-3).
9
Let z(i) = -2*i**2 - 42*i + 1304. Give z(-38).
12
Let l(m) = m**2 - 2*m - 364. Determine l(-16).
-76
Let w(a) = a**2 + 15*a - 582. Determine w(19).
64
Let i(k) = 9484*k - 37932. Give i(4).
4
Let i(h) = -163*h + 480. Determine i(3).
-9
Let l(n) = -34*n - 121. Give l(-3).
-19
Let k(s) = 2*s**3 - 57*s**2 - s - 1. Determine k(0).
-1
Let u(f) = -f**2 - 63*f + 2382. Calculate u(-90).
-48
Let g(m) = 4*m**2 + 320*m + 726. What is g(-78)?
102
Let o(a) = -a**2 - 16*a - 9. Calculate o(-15).
6
Let y(u) = 3*u**3 - 4*u**2 - 15*u - 10. Give y(4).
58
Let a(h) = -79*h + 183. What is a(7)?
-370
Let s(c) = -3556*c + 56867. Determine s(16).
-29
Let i(n) = -16*n**2 + 8*n - 11. Give i(2).
-59
Let c(g) = 21*g - 57. What is c(4)?
27
Let n(i) = i**3 - 7*i**2 - 33*i - 6. What is n(-3)?
3
Let g(u) = 47*u + 586. Give g(-12).
22
Let k(a) = a**3 - 9*a**2 + 108*a - 1722. What is k(12)?
6
Let t(x) = 2*x**2 + 74*x - 1464. What is t(-51)?
-36
Let j(x) = -58*x**2 + 404*x + 28. Calculate j(7).
14
Let q(p) = 89*p - 777. What is q(6)?
-243
Let j(g) = 5*g**2 - 28*g + 75. Give j(3).
36
Let u(v) = -v**2 + 31*v - 35. Determine u(29).
23
Let b(l) = -3*l**3 + 23*l**2 + 96*l - 686. What is b(5)?
-6
Let s(v) = 2*v**3 + 172*v**2 + 17*v + 464. Calculate s(-86).
-998
Let d(m) = m**2 + 27*m + 85. Determine d(-5).
-25
Let t(a) = a**3 - 24*a**2 + 38*a + 301. Determine t(21).
-224
Let k(j) = -11*j**3 + 2672*j**2 + 265*j - 5343. Give k(243).
3
Let n(j) = -64*j - 240. What is n(-4)?
16
Let u(d) = -d**3 - 44*d**2 - 406*d - 102. What is u(-31)?
-9
Let t(p) = -58*p**3 + 231*p**2 + 14*p - 36. Determine t(4).
4
Let m(i) = -11*i + 336. What is m(16)?
160
Let i(u) = 2*u**2 + 86*u + 35. Give i(-34).
-577
Let k(x) = -6*x**2 - x + 83. Calculate k(12).
-793
Let a(d) = -399*d + 34707. Give a(87).
-6
Let m(u) = -812*u + 19479. Determine m(24).
-9
Let w(a) = 364*a - 713. Calculate w(2).
15
Let x(s) = 7*s**2 - 7*s - 31. Determine x(5).
109
Let g(y) = 15*y**2 + 56*y - 37. Calculate g(-7).
306
Let k(r) = -r**3 - 20*r**2 - 16*r + 51. Calculate k(-19).
-6
Let y(u) = u**3 + 99*u**2 + 101*u + 294. Give y(-98).
0
Let m(t) = -t**3 - 6*t**2 - 2*t - 2. Determine m(-7).
61
Let y(f) = 82*f - 240. Determine y(3).
6
Let p(b) = b**3 + 8*b**2 + 4*b + 24. What is p(-7)?
45
Let y(v) = -v**3 - 60*v**2 + 7*v + 3888. Calculate y(-59).
-6
Let w(n) = -3*n**2 - 116*n + 262. Determine w(-41).
-25
Let q(n) = -n**3 + 117*n**2 + 4*n - 471. Give q(117).
-3
Let b(u) = -u**2 + 27*u + 2035. Determine b(-35).
-135
Let z(s) = s**2 + 40*s + 150. What is z(-11)?
-169
Let h(u) = -178*u**2 + 178*u - 1. Give h(1).
-1
Let y(t) = -83*t**2 + 31*t + 31. Calculate y(-1).
-83
Let j(g) = 2*g**3 - 36*g**2 + 45*g - 1578. What is j(19)?
-1
Let r(g) = 10*g**3 + g**2 + 207*g + 209. Calculate r(-1).
-7
Let t(v) = -v**3 - 5*v - 14. Determine t(-6).
232
Let d(n) = n**3 + 79*n**2 - 683*n + 21. Give d(8).
125
Let g(i) = -170*i - 11054. Calculate g(-65).
-4
Let i(u) = 2*u**3 + 54*u**2 + 49*u - 103. Give i(-26).
-25
Let b(p) = -133*p - 4381. Give b(-33).
8
Let z(o) = -16*o**2 - 38*o - 126. Determine z(-3).
-156
Let c(n) = 2*n**3 - 109*n**2 - 63*n + 439. Calculate c(55).
-1
Let o(m) = 103*m + 439. Give o(-3).
130
Let p(g) = 24*g + 230. Give p(-9).
14
Let c(i) = -i**3 + 2*i**2 + 10*i - 10. Give c(0).
-10
Let v(h) = -7*h**2 + 521*h + 294. Determine v(75).
-6
Let a(x) = x**2 + 43*x + 625. What is a(-21)?
163
Let g(q) = -2*q**3 - 10*q**2 + 13*q - 8. What is g(-5)?
-73
Let f(g) = g**3 - 30*g**2 - 63*g - 15. Determine f(32).
17
Let f(q) = -75*q - 1368. Give f(-11).
-543
Let z(b) = -2*b**3 + 33*b**2 - 9*b + 445. Give z(17).
3
Let l(r) = -3*r**3 + 13*r**2 - 34*r + 199. What is l(8)?
-777
Let z(r) = -100*r + 3481. What is z(34)?
81
Let o(v) = 441*v - 3513. Calculate o(8).
15
Let a(d) = -459*d + 259. Determine a(-1).
718
Let y(r) = -26*r - 550. What is y(0)?
-550
Let r(g) = -7*g**2 - 99*g + 33. Give r(-14).
47
Let t(r) = 20*r**2 - 9*r + 6. Give t(2).
68
Let a(h) = 2*h**2 + 236*h - 1221. What is a(5)?
9
Let n(f) = 77*f + 1173. Determine n(-10).
403
Let s(n) = 36*n - 6209. Determine s(175).
91
Let j(g) = 13*g**3 + 8*g**2 - g - 9. What is j(3)?
411
Let f(q) = 199*q + 723. Give f(-4).
-73
Let l(m) = -47*m**2 + 53*m - 4. What is l(5)?
-914
Let g(n) = 7*n - 204. What is g(29)?
-1
Let h(x) = -x**2 + 21*x + 863. Give h(41).
43
Let v(q) = 85*q + 88. Calculate v(-3).
-167
Let j(b) = b**3 + 5*b**2 + b - 32. Determine j(-3).
-17
Let h(u) = 2*u**2 + 131*u - 4404. Give h(-90).
6
Let z(l) = l**2 + 12*l - 93. Calculate z(-17).
-8
Let r(i) = 2*i**3 + 9*i**2 - 33*i + 38. Determine r(5).
348
Let s(p) = p**3 - 26*p**2 - 26*p + 31. Calculate s(27).
58
Let u(x) = -5*x**2 + 311*x + 551. Give u(64).
-25
Let m(a) = -a**3 - 6*a**2 + 89*a + 585. Determine m(-7).
11
Let u(g) = -3*g**2 + 30*g + 782. Give u(22).
-10
Let x(k) = 42*k + 250. Calculate x(-6).
-2
Let s(x) = 15*x**2 - 16*x + 77. Give s(6).
521
Let m(o) = -3*o**2 - 687*o - 5934. Calculate m(-9).
6
Let k(b) = b**3 + 61*b**2 + 753*b + 6. Determine k(-17).
-79
Let n(g) = 20*g**2 - 147*g + 47. Determine n(7).
-2
Let r(z) = -52*z + 3178. What is r(61)?
6
Let r(s) = s**3 + 2*s**2 - 76*s - 294. Give r(-7).
-7
Let x(a) = -4*a**2 + 272*a - 3190. Give x(15).
-10
Let z(u) = u**3 + 53*u**2 + 148*u - 102. Give z(-50).
-2
Let k(q) = -10516*q + 231353. Calculate k(22).
1
Let d(f) = -72*f + 3501. Determine d(48).
45
Let y(m) = -13*m**2 - 539*m - 689. What is y(-40)?
71
Let y(q) = 91*q - 1144. Determine y(16).
312
Let k(q) = -q**2 - 46*q - 346. Give k(-15).
119
Let p(n) = -3*n**2 - 108*n - 952. Give p(-17).
17
Let l(r) = -13*r**2 - 11*r + 34. Give l(-2).
4
Let j(b) = -246*b - 2955. Determine j(-12).
-3
Let d(u) = -u**2 + 29*u + 1419. Calculate d(-27).
-93
Let p(l) = 5*l**2 + 16*l - 248. Give p(10).
412
Let l(p) = p**3 - 6*p**2 + 747*p - 5282. Give l(7).
-4
Let v(a) = -a**2 - 398*a + 3657. Give v(9).
-6
Let y(p) = -p**2 + 38*p + 180. Calculate y(41).
57
Let y(c) = -2402*c - 9565. What is y(-4)?
43
Let c(k) = k**2 + 2*k - 92. Calculate c(-11).
7
Let t(o) = 39*o - 85. What is t(12)?
383
Let a(h) = -4*h - 409. Determine a(-94).
-33
Let n(z) = 7801*z + 11. Determine n(0).
11
Let b(n) = 2*n**3 - 96*n**2 - 104*n + 264. Calculate b(49).
-30
Let q(d) = -d**2 + 82*d - 11. Calculate q(0).
-11
Let z(q) = -q**3 + 25*q**2 + 25*q - 9. Determine z(26).
-35
Let p(z) = -z**3 + 10*z**2 + 12*z + 31. What is p(11)?
42
Let r(n) = -4*n**3 - 8*n**2 - 51*n - 217. Calculate r(-5).
338
Let h(s) = 2*s**3 + 24*s**2 - 8*s + 284. Give h(-13).
50
Let d(p) = 1020*p - 48971. Determine d(48).
-11
Let u(r) = -3381*r + 70991. Calculate u(21).
-10
Let a(f) = -184*f + 139. Calculate a(-3).
691
Let r(y) = y**3 - 98*y**2 - 410*y + 209. Determine r(102).
5
Let x(t) = -12295*t - 86069. Determine x(-7).
-4
Let p(r) = -r**3 - r**2 + 21*r - 9. What is p(4)?
-5
Let g(k) = -13*k - 276. Give g(-14).
-94
Let t(a) = a**3 + 80*a**2 + 367*a - 565. Give t(-75).
35
Let b(i) = -i**3 + 13*i**2 + 19. What is b(14)?
-177
Let a(z) = -125*z**3 - 20*z**2 + 19*z. What is a(1)?
-126
Let d(i) = 8*i**2 - 390*i - 82. Give d(49).
16
Let g(j) = -j**2 + 102*j + 10797. What is g(167)?
-58
Let o(c) = 208*c - 3749. Determine o(18).
-5
Let y(w) = 27*w + 404. What is y(-40)?
-676
Let d(b) = -b**3 + 13*b**2 - 16*b + 28. Calculate d(12).
-20
Let t(f) = 20*f**2 - 11*f - 102. Give t(-6).
684
Let o(l) = 3*l**3 - 3*l**2 + 13*l. What is o(-5)?
-515
Let j(w) = -w**2 + 39*w + 571. Calculate j(52).
-105
Let b(l) = 2872*l + 22968. What is b(-8)?
-8
Let k(r) = r**2 - 101*r + 298. Calculate k(3).
4
Let j(c) = 77*c + 165. Determine j(-4).
-143
Let u(s) = -s**2 + 114*s - 1116. Give u(11).
17
Let f(c) = 2*c**2 + 15*c - 45. What is f(-11)?
32
Let d(r) = 5*r**2 + 40*r - 67. Give d(-7).
-102
Let k(b) = 2*b**3 - 16*b**2 + 17*b - 60. Give k(6).
-102
Let d(i) = -353*i - 1707. Determine d(-5).
58
Let y(r) = -2*r**2 - 14*r - 26. Give y(-2).
-6
Let q(h) = -h**3 - 9*h**2 + 15*h + 39. Calculate q(-11).
116
Let i(f) = -52*f - 8125. Calculate i(-160).
195
Let s(q) = -4*q**2 + 233*q - 695. What is s(55)?
20
Let j(z) = -z**2 - 32*z - 304. Calculate j(-14).
-52
Let t(i) = -i**3 - 41*i**2 - 68*i + 